t of 667668?
6
What is the hundreds digit of 2596953?
9
What is the millions digit of 38493025?
8
What is the units digit of 1435070?
0
What is the millions digit of 1952301?
1
What is the millions digit of 1856174?
1
What is the millions digit of 6561394?
6
What is the units digit of 154232?
2
What is the ten thousands digit of 36472362?
7
What is the ten thousands digit of 613785?
1
What is the thousands digit of 212349?
2
What is the tens digit of 5636529?
2
What is the tens digit of 636355?
5
What is the units digit of 387314?
4
What is the thousands digit of 73704?
3
What is the hundred thousands digit of 5004104?
0
What is the units digit of 987064?
4
What is the thousands digit of 667783?
7
What is the units digit of 230977?
7
What is the ten millions digit of 29283596?
2
What is the hundreds digit of 2741276?
2
What is the units digit of 7274234?
4
What is the units digit of 3155638?
8
What is the hundred thousands digit of 9468041?
4
What is the units digit of 4915582?
2
What is the units digit of 75570?
0
What is the ten thousands digit of 1423289?
2
What is the hundreds digit of 2899443?
4
What is the hundreds digit of 2831879?
8
What is the tens digit of 2460791?
9
What is the units digit of 3747163?
3
What is the thousands digit of 6930?
6
What is the ten thousands digit of 706096?
0
What is the tens digit of 187745?
4
What is the tens digit of 2337579?
7
What is the units digit of 281987?
7
What is the hundred thousands digit of 5637699?
6
What is the units digit of 39385317?
7
What is the units digit of 20243021?
1
What is the ten thousands digit of 144308?
4
What is the thousands digit of 690541?
0
What is the units digit of 735268?
8
What is the ten thousands digit of 12892575?
9
What is the thousands digit of 38730815?
0
What is the hundred thousands digit of 536366?
5
What is the ten millions digit of 20053920?
2
What is the ten thousands digit of 2884583?
8
What is the ten thousands digit of 863657?
6
What is the ten thousands digit of 167316?
6
What is the millions digit of 4130307?
4
What is the units digit of 279758?
8
What is the tens digit of 1846955?
5
What is the ten thousands digit of 174310?
7
What is the hundreds digit of 713479?
4
What is the ten thousands digit of 218896?
1
What is the millions digit of 21363809?
1
What is the tens digit of 1208834?
3
What is the ten thousands digit of 814701?
1
What is the ten thousands digit of 15353?
1
What is the units digit of 176981?
1
What is the units digit of 657329?
9
What is the tens digit of 14207745?
4
What is the units digit of 19246875?
5
What is the thousands digit of 8023997?
3
What is the thousands digit of 9884129?
4
What is the ten thousands digit of 1960437?
6
What is the hundreds digit of 2611117?
1
What is the thousands digit of 1348105?
8
What is the tens digit of 4957725?
2
What is the ten thousands digit of 19341663?
4
What is the units digit of 447548?
8
What is the units digit of 69399?
9
What is the millions digit of 1400389?
1
What is the hundred thousands digit of 239221?
2
What is the millions digit of 6897832?
6
What is the millions digit of 2194926?
2
What is the thousands digit of 14177622?
7
What is the hundreds digit of 3970545?
5
What is the thousands digit of 28349932?
9
What is the units digit of 399910?
0
What is the ten thousands digit of 15238051?
3
What is the hundreds digit of 29828115?
1
What is the hundred thousands digit of 9546487?
5
What is the hundred thousands digit of 1358360?
3
What is the tens digit of 750455?
5
What is the millions digit of 13378372?
3
What is the units digit of 9202570?
0
What is the millions digit of 20273848?
0
What is the units digit of 331684?
4
What is the hundreds digit of 2904128?
1
What is the millions digit of 1756965?
1
What is the thousands digit of 1772158?
2
What is the units digit of 4240958?
8
What is the hundred thousands digit of 7580236?
5
What is the millions digit of 1305311?
1
What is the thousands digit of 208608?
8
What is the ten thousands digit of 6661257?
6
What is the hundred thousands digit of 420792?
4
What is the hundred thousands digit of 2883781?
8
What is the ten thousands digit of 8665247?
6
What is the millions digit of 1564030?
1
What is the ten thousands digit of 489150?
8
What is the tens digit of 2087227?
2
What is the tens digit of 336489?
8
What is the hundreds digit of 94708?
7
What is the thousands digit of 5295453?
5
What is the hundred thousands digit of 1713627?
7
What is the units digit of 566697?
7
What is the units digit of 282943?
3
What is the ten thousands digit of 444988?
4
What is the hundred thousands digit of 2559318?
5
What is the hundreds digit of 803920?
9
What is the tens digit of 636716?
1
What is the hundreds digit of 10475239?
2
What is the ten thousands digit of 1553525?
5
What is the millions digit of 2398242?
2
What is the thousands digit of 553730?
3
What is the ten thousands digit of 4572714?
7
What is the units digit of 661547?
7
What is the hundred thousands digit of 143229?
1
What is the millions digit of 1889811?
1
What is the hundreds digit of 30805243?
2
What is the hundred thousands digit of 178710?
1
What is the ten thousands digit of 7609201?
0
What is the millions digit of 28678055?
8
What is the ten thousands digit of 1937174?
3
What is the millions digit of 4481775?
4
What is the hundred thousands digit of 14005742?
0
What is the ten thousands digit of 114055?
1
What is the thousands digit of 249248?
9
What is the thousands digit of 87381?
7
What is the ten thousands digit of 12613201?
1
What is the thousands digit of 1509186?
9
What is the units digit of 5920858?
8
What is the ten thousands digit of 478984?
7
What is the tens digit of 1078216?
1
What is the hundred thousands digit of 7371175?
3
What is the ten thousands digit of 880555?
8
What is the thousands digit of 7284414?
4
What is the tens digit of 12921197?
9
What is the thousands digit of 94471?
4
What is the tens digit of 220995?
9
What is the millions digit of 3238305?
3
What is the thousands digit of 2207335?
7
What is the tens digit of 5656533?
3
What is the tens digit of 50457?
5
What is the units digit of 1403842?
2
What is the thousands digit of 324649?
4
What is the thousands digit of 9500477?
0
What is the thousands digit of 1155352?
5
What is the units digit of 400607?
7
What is the ten thousands digit of 5062480?
6
What is the ten thousands digit of 589124?
8
What is the hundreds digit of 156732?
7
What is the units digit of 301446?
6
What is the millions digit of 3908778?
3
What is the hundreds digit of 57754?
7
What is the thousands digit of 961674?
1
What is the tens digit of 608766?
6
What is the hundreds digit of 180139?
1
What is the ten thousands digit of 2430054?
3
What is the thousands digit of 1388593?
8
What is the tens digit of 209256?
5
What is the hundreds digit of 450680?
6
What is the hundreds digit of 1133635?
6
What is the units digit of 606243?
3
What is the units digit of 76007?
7
What is the units digit of 9407555?
5
What is the thousands digit of 19195077?
5
What is the ten millions digit of 11617614?
1
What is the ten thousands digit of 375107?
7
What is the ten thousands digit of 17823?
1
What is the tens digit of 135122?
2
What is the units digit of 1141888?
8
What is the units digit of 236648?
8
What is the tens digit of 21554026?
2
What is the hundred thousands digit of 232320?
2
What is the hundred thousands digit of 527158?
5
What is the tens digit of 18849994?
9
What is the units digit of 228473?
3
What is the ten thousands digit of 2332040?
3
What is the thousands digit of 444086?
4
What is the thousands digit of 1171863?
1
What is the units digit of 6748885?
5
What is the tens digit of 2501234?
3
What is the thousands digit of 804223?
4
What is the thousands digit of 1343676?
3
What is the units digit of 266112?
2
What is the ten thousands digit of 111284?
1
What is the tens digit of 122349?
4
What is the hundreds digit of 115622?
6
What is the hundred thousands digit of 4276398?
2
What is the hundreds digit of 158277?
2
What is the thousands digit of 207980?
7
What is the tens digit of 347254?
5
What is the ten thousands digit of 1593392?
9
What is the millions digit of 3123443?
3
What is the ten thousands digit of 7483